1413478
In base 3, what is 11100222221002001 - 10?
11100222221001221
In base 11, what is 9481894 - -35?
9481919
In base 2, what is 1101111011001001011 + 101000001?
1101111011110001100
In base 7, what is 222641640 - -3?
222641643
In base 16, what is 6 - 1caa1?
-1ca9b
In base 5, what is 432400 - 41134?
341211
In base 11, what is -21 + -1a43262?
-1a43283
In base 6, what is 3202541 - 32?
3202505
In base 14, what is 2671dd - 38?
2671a5
In base 6, what is -1432144 - -44?
-1432100
In base 10, what is -9870681 + -19?
-9870700
In base 9, what is 0 - -702887?
702887
In base 10, what is 2970 + -303?
2667
In base 9, what is 3625 - -257587?
262323
In base 14, what is -4 - 379404?
-379408
In base 16, what is f - -73d47?
73d56
In base 3, what is 1211121 - -2020111000?
2022022121
In base 9, what is 33227537 + 2?
33227540
In base 7, what is -10546 + 552146?
541300
In base 10, what is 2 + 7458284?
7458286
In base 14, what is 186c63 + -6?
186c5b
In base 15, what is -1dc121e - 3?
-1dc1222
In base 16, what is 270d5 - -184?
27259
In base 14, what is -308 - a79?
-d83
In base 12, what is -5 + -613b36?
-613b3b
In base 6, what is 1553 + -2101324?
-2055331
In base 13, what is 1308020 - 4?
1308019
In base 15, what is -148de - 475?
-14d64
In base 10, what is -72429241 + 1?
-72429240
In base 13, what is -4 + 21a9c813?
21a9c80c
In base 14, what is -d4b - -96772?
95825
In base 3, what is 10 - -11101120022002?
11101120022012
In base 8, what is -1023004 - -21?
-1022763
In base 4, what is -13220310212 + 220?
-13220303332
In base 11, what is -411386 + -722?
-411aa8
In base 8, what is 155 - 1147244?
-1147067
In base 7, what is 45 + 6645640?
6646015
In base 7, what is 14226 + -512656?
-465430
In base 8, what is 6 - 21216064?
-21216056
In base 10, what is 2 - 72836777?
-72836775
In base 6, what is 55235 + 150014?
245253
In base 11, what is -91 - 78a60a?
-78a6a0
In base 15, what is -23cd7 + -3ee?
-241d6
In base 9, what is 222438 - 8007?
213431
In base 14, what is d2b9 - 452?
cc67
In base 11, what is 74a73196 + -2?
74a73194
In base 10, what is -86734435 - -5?
-86734430
In base 8, what is 2 + -56560422?
-56560420
In base 3, what is 1 - 120112212011120?
-120112212011112
In base 8, what is -63117 - -56402?
-4515
In base 6, what is -100 + 3130322?
3130222
In base 6, what is -2200530 - 4?
-2200534
In base 6, what is -10033324 - -250?
-10033034
In base 16, what is -2a - 62783?
-627ad
In base 10, what is -5065 - 2385?
-7450
In base 5, what is 20020 - -4333?
24403
In base 8, what is 1740 + -2041512?
-2037552
In base 16, what is -c04d - -7be?
-b88f
In base 10, what is 611640 - -410?
612050
In base 14, what is 62 + 134c6?
13548
In base 3, what is 100011012210220 - 0?
100011012210220
In base 13, what is -a84 - -252?
-832
In base 5, what is -2343211 - 200?
-2343411
In base 2, what is -1100001000011110000011110110 + 1?
-1100001000011110000011110101
In base 12, what is 50 - -1038a94?
1038b24
In base 4, what is -103320332101200 + 0?
-103320332101200
In base 11, what is -1 + -1559181a?
-15591820
In base 15, what is -280c + 14e2?
-131a
In base 11, what is 3972 + 37918?
4078a
In base 15, what is 2 - -d01bb1?
d01bb3
In base 16, what is 14b - -9fa36?
9fb81
In base 12, what is 28344 + -26?
2831a
In base 6, what is -121014241 + -304?
-121014545
In base 8, what is -13 - -14203313?
14203300
In base 9, what is 1051574 + 4?
1051578
In base 7, what is -34030356 - 1?
-34030360
In base 9, what is 4145 - 4208?
-53
In base 6, what is 340252510 + -4?
340252502
In base 3, what is 120001 - -1002100?
1122101
In base 16, what is -d103 + -936?
-da39
In base 11, what is 172 - -5910?
5a82
In base 4, what is -12100121 - 2223?
-12103010
In base 3, what is 10000102222122 + 212?
10000110000111
In base 16, what is -f0b83 + -1?
-f0b84
In base 15, what is 2b78cb + 26e?
2b7b4a
In base 11, what is 4 - 9799a4?
-9799a0
In base 10, what is 11264573 + 41?
11264614
In base 7, what is -14326321 - 320?
-14326641
In base 4, what is -11 - 10030220220?
-10030220231
In base 2, what is 11000 - -101100111110110101010?
101100111110111000010
In base 8, what is 157 + 13745164?
13745343
In base 3, what is 12112 - 1221100202?
-1221011020
In base 9, what is 115 - -167854?
168070
In base 7, what is -1 - 60665631?
-60665632
In base 13, what is 2274202 + 11?
2274213
In base 12, what is 215 - 31344?
-3112b
In base 5, what is -342140 + -140344?
-1033034
In base 16, what is -5d - -f3de?
f381
In base 15, what is -30cb - -66e?
-295c
In base 15, what is -16 + 4de9ba?
4de9a4
In base 12, what is -269 - -b9a10?
b9763
In base 9, what is -3 + -7004735?
-7004738
In base 9, what is -8875 - -54?
-8821
In base 12, what is -111 + -97?
-1a8
In base 9, what is 103531 - -158?
103700
In base 7, what is 262436024 - 4?
262436020
In base 16, what is -246e3 + -2?
-246e5
In base 14, what is 4 - 3905d3?
-3905cd
In base 11, what is 237 + 780?
a07
In base 4, what is -12021120212222 - 2?
-12021120212230
In base 16, what is -330cdcf - 4?
-330cdd3
In base 14, what is 3676933b + -2?
36769339
In base 3, what is 1011012220120 - -1010?
1011012221200
In base 2, what is -100110101010011110101000 - 100?
-100110101010011110101100
In base 2, what is 1110110011001010011101 - 10?
1110110011001010011011
In base 11, what is 79148 + 16?
79163
In base 8, what is -10 + 30523546?
30523536
In base 16, what is -126c0 - -14c?
-12574
In base 16, what is -2bc93 + e?
-2bc85
In base 9, what is -12 + 163742075?
163742063
In base 9, what is -106245078 + 8?
-106245070
In base 6, what is -33 - 4052141332?
-4052141405
In base 15, what is -1 + 23c0beb?
23c0bea
In base 3, what is 1012 + 122220202022101?
122220202100120
In base 12, what is 17a153 - -102?
17a255
In base 3, what is 2120012002201202 - -2?
2120012002201211
In base 13, what is 180cca1b + -a?
180cca11
In base 11, what is 739a37 + 1?
739a38
In base 7, what is -2 + 4533263610?
4533263605
In base 6, what is 503432 - 223400?
240032
In base 8, what is 2735 - 4662?
-1725
In base 8, what is 12514 - -126535?
141251
In base 3, what is 10000022112121 + 100?
10000022112221
In base 6, what is 1420554 - -14?
1421012
In base 11, what is -2095 + 293?
-1902
In base 8, what is -6 - 20444314?
-20444322
In base 4, what is -21210220 + -1202?
-21212022
In base 12, what is 3456568 - -2?
345656a
In base 10, what is -185470624 + 0?
-185470624
In base 14, what is -b987 - 8ac?
-c455
In base 7, what is -2655 + -160510?
-163465
In base 6, what is -534225113 + 10?
-534225103
In base 4, what is 212221223203 - -32?
212221223301
In base 14, what is 10036b6 + 1d?
10036d5
In base 4, what is -2 + -321232102111?
-321232102113
In base 10, what is -3146019 + 4?
-3146015
In base 7, what is 23506342365 - 3?
23506342362
In base 12, what is 3 + 1483b54?
1483b57
In base 9, what is 6724005 - -30?
6724035
In base 2, what is -101 - 101010000111010111000?
-101010000111010111101
In base 11, what is 10 - -814331?
814341
In base 5, what is 1424421041 - -331?
1424421422
In base 7, what is -3003 + -26332?
-32335
In base 8, what is 1602 + 364242?
366044
In base 9, what is 132 + -64478?
-64346
In base 2, what is 100 + 1100001110011010?
1100001110011110
In base 10, what is 1108 - 236256?
-235148
In base 11, what is 56165100a + -2?
561651008
In base 15, what is 5e - 55cd1?
-55c72
In base 2, what is -111111001111 - 10110000100?
-1010101010011
In base 12, what is 0 - -886a4?
886a4
In base 10, what is 3 - 1921697?
-1921694
In base 14, what is -a50b54 + a?
-a50b48
In base 12, what is 1072a65 - -8?
1072a71
In base 8, what is 7 + 6244073?
6244102
In base 5, what is 2234 + -34410?
-32121
In base 9, what is 28 - -171812?
171841
In base 14, what is -4 - -1377607?
1377603
In base 5, what is -104112 + -3230030?
-3334142
In base 6, what is -10254433055 - 0?
-10254433055
In base 16, what is -80e - -9396?
8b88
In base 10, what is -12 + 1039777?
1039765
In base 9, what is -3615 + -305808?
-310524
In base 12, what is 492aa163 + 1?
492aa164
In base 7, what is -50651 - 11102?
-62053
In base 6, what is -301334 + 132?
-301202
In base 2, what is 1011 - -100111100101101100101111?
100111100101101100111010
In base 8, what is 162736522 - 5?
162736515
In base 4, what is -1313203 - -12110000?
10130131
In base 6, what is -550155043 - -115?
-550154524
In base 11, what is 7a71 - -a452?
17413
In base 15, what is 3 + 105b75c?
105b760
